{"id":130,"date":"2021-03-16T04:29:06","date_gmt":"2021-03-16T04:29:06","guid":{"rendered":"http:\/\/ethos-media.de\/?page_id=130"},"modified":"2021-04-09T06:02:01","modified_gmt":"2021-04-09T06:02:01","slug":"ethosconsulting-2","status":"publish","type":"page","link":"https:\/\/ethos-media.de\/index.php\/ethosconsulting-2\/","title":{"rendered":"ethosconsulting"},"content":{"rendered":"\t\t<div data-elementor-type=\"wp-page\" data-elementor-id=\"130\" class=\"elementor elementor-130\">\n\t\t\t\t\t\t<section class=\"elementor-section elementor-top-section elementor-element elementor-element-1cf9e0b elementor-section-boxed elementor-section-height-default elementor-section-height-default\" data-id=\"1cf9e0b\" data-element_type=\"section\">\n\t\t\t\t\t\t<div class=\"elementor-container elementor-column-gap-default\">\n\t\t\t\t\t<div class=\"elementor-column elementor-col-100 elementor-top-column elementor-element elementor-element-efed3a1\" data-id=\"efed3a1\" data-element_type=\"column\">\n\t\t\t<div class=\"elementor-widget-wrap elementor-element-populated\">\n\t\t\t\t\t\t<div class=\"elementor-element elementor-element-91a1d37 elementor-widget elementor-widget-heading\" data-id=\"91a1d37\" data-element_type=\"widget\" data-widget_type=\"heading.default\">\n\t\t\t\t<div class=\"elementor-widget-container\">\n\t\t\t<h2 class=\"elementor-heading-title elementor-size-default\">ethosconsulting<\/h2>\t\t<\/div>\n\t\t\t\t<\/div>\n\t\t\t\t\t<\/div>\n\t\t<\/div>\n\t\t\t\t\t<\/div>\n\t\t<\/section>\n\t\t\t\t<section class=\"elementor-section elementor-top-section elementor-element elementor-element-2cf68ee elementor-section-boxed elementor-section-height-default elementor-section-height-default\" data-id=\"2cf68ee\" data-element_type=\"section\">\n\t\t\t\t\t\t<div class=\"elementor-container elementor-column-gap-default\">\n\t\t\t\t\t<div class=\"elementor-column elementor-col-100 elementor-top-column elementor-element elementor-element-cff3c2a\" data-id=\"cff3c2a\" data-element_type=\"column\">\n\t\t\t<div class=\"elementor-widget-wrap elementor-element-populated\">\n\t\t\t\t\t\t<div class=\"elementor-element elementor-element-1447d2f elementor-widget elementor-widget-text-editor\" data-id=\"1447d2f\" data-element_type=\"widget\" data-widget_type=\"text-editor.default\">\n\t\t\t\t<div class=\"elementor-widget-container\">\n\t\t\t\t\t\t\t<p>+ Beratung und Consulting im Bereich Internet Auftritt<\/p>\t\t\t\t\t\t<\/div>\n\t\t\t\t<\/div>\n\t\t\t\t<div class=\"elementor-element elementor-element-1a95566 elementor-widget elementor-widget-text-editor\" data-id=\"1a95566\" data-element_type=\"widget\" data-widget_type=\"text-editor.default\">\n\t\t\t\t<div class=\"elementor-widget-container\">\n\t\t\t\t\t\t\t<p>+ Beratung und Marketing im Bereich Vertrieb<\/p>\t\t\t\t\t\t<\/div>\n\t\t\t\t<\/div>\n\t\t\t\t<div class=\"elementor-element elementor-element-57c8820 elementor-widget elementor-widget-text-editor\" data-id=\"57c8820\" data-element_type=\"widget\" data-widget_type=\"text-editor.default\">\n\t\t\t\t<div class=\"elementor-widget-container\">\n\t\t\t\t\t\t\t<p>+ Business Continuty Management ( Betriebskontinuit\u00e4tsmanagement )<\/p>\t\t\t\t\t\t<\/div>\n\t\t\t\t<\/div>\n\t\t\t\t<div class=\"elementor-element elementor-element-80ce1b7 elementor-widget elementor-widget-text-editor\" data-id=\"80ce1b7\" data-element_type=\"widget\" data-widget_type=\"text-editor.default\">\n\t\t\t\t<div class=\"elementor-widget-container\">\n\t\t\t\t\t\t\t<p>Unvorhergesehene Ereignisse nicht nur hierzulande, sondern auch in Produktions- oder Beschaffungsl\u00e4ndern k\u00f6nnen die Gesch\u00e4ftsprozesse eines Unternehmens erheblich st\u00f6ren. Solche Sch\u00e4den von Unternehmen zu minimieren und bestm\u00f6gliche Vorkehrungen f\u00fcr den Fall gravierender St\u00f6rungen zu treffen ist Ziel von Business Continuity Management Systemen (BCMS).<\/p>\t\t\t\t\t\t<\/div>\n\t\t\t\t<\/div>\n\t\t\t\t<div class=\"elementor-element elementor-element-f548019 elementor-widget elementor-widget-text-editor\" data-id=\"f548019\" data-element_type=\"widget\" data-widget_type=\"text-editor.default\">\n\t\t\t\t<div class=\"elementor-widget-container\">\n\t\t\t\t\t\t\t<p>+ Beratungen im Bereich Riskmanagement<\/p>\t\t\t\t\t\t<\/div>\n\t\t\t\t<\/div>\n\t\t\t\t<div class=\"elementor-element elementor-element-53b2769 elementor-widget elementor-widget-text-editor\" data-id=\"53b2769\" data-element_type=\"widget\" data-widget_type=\"text-editor.default\">\n\t\t\t\t<div class=\"elementor-widget-container\">\n\t\t\t\t\t\t\t<p>Das\u00a0<b>Risikomanagement<\/b>\u00a0\u00fcbernimmt in Unternehmen das Management von Unternehmensrisiken durch deren Risikoidentifikation, Risikoanalyse, Risikoquantifizierung, Risikoaggregation, Risikobeurteilung, Risikobewertung, Risikokommunikation und abschlie\u00dfende Risikobew\u00e4ltigung.<\/p>\t\t\t\t\t\t<\/div>\n\t\t\t\t<\/div>\n\t\t\t\t<div class=\"elementor-element elementor-element-41063b3 elementor-widget elementor-widget-text-editor\" data-id=\"41063b3\" data-element_type=\"widget\" data-widget_type=\"text-editor.default\">\n\t\t\t\t<div class=\"elementor-widget-container\">\n\t\t\t\t\t\t\t<p>+ Beratung im Bereich Social Media<\/p>\t\t\t\t\t\t<\/div>\n\t\t\t\t<\/div>\n\t\t\t\t<div class=\"elementor-element elementor-element-2b8fff0 elementor-widget elementor-widget-text-editor\" data-id=\"2b8fff0\" data-element_type=\"widget\" data-widget_type=\"text-editor.default\">\n\t\t\t\t<div class=\"elementor-widget-container\">\n\t\t\t\t\t\t\t<p>+ K\u00fcnstler Coaching sowie Management f\u00fcr K\u00fcnstler<\/p>\t\t\t\t\t\t<\/div>\n\t\t\t\t<\/div>\n\t\t\t\t\t<\/div>\n\t\t<\/div>\n\t\t\t\t\t<\/div>\n\t\t<\/section>\n\t\t\t\t<\/div>\n\t\t","protected":false},"excerpt":{"rendered":"<p>ethosconsulting + Beratung und Consulting im Bereich Internet Auftritt + Beratung und Marketing im Bereich Vertrieb + Business Continuty Management ( Betriebskontinuit\u00e4tsmanagement ) Unvorhergesehene Ereignisse nicht nur hierzulande, sondern auch in Produktions- oder Beschaffungsl\u00e4ndern k\u00f6nnen die Gesch\u00e4ftsprozesse eines Unternehmens erheblich st\u00f6ren. Solche Sch\u00e4den von Unternehmen zu minimieren und bestm\u00f6gliche Vorkehrungen&hellip; <\/p>\n","protected":false},"author":1,"featured_media":0,"parent":0,"menu_order":4,"comment_status":"closed","ping_status":"closed","template":"elementor_header_footer","meta":{"footnotes":""},"_links":{"self":[{"href":"https:\/\/ethos-media.de\/index.php\/wp-json\/wp\/v2\/pages\/130"}],"collection":[{"href":"https:\/\/ethos-media.de\/index.php\/wp-json\/wp\/v2\/pages"}],"about":[{"href":"https:\/\/ethos-media.de\/index.php\/wp-json\/wp\/v2\/types\/page"}],"author":[{"embeddable":true,"href":"https:\/\/ethos-media.de\/index.php\/wp-json\/wp\/v2\/users\/1"}],"replies":[{"embeddable":true,"href":"https:\/\/ethos-media.de\/index.php\/wp-json\/wp\/v2\/comments?post=130"}],"version-history":[{"count":14,"href":"https:\/\/ethos-media.de\/index.php\/wp-json\/wp\/v2\/pages\/130\/revisions"}],"predecessor-version":[{"id":461,"href":"https:\/\/ethos-media.de\/index.php\/wp-json\/wp\/v2\/pages\/130\/revisions\/461"}],"wp:attachment":[{"href":"https:\/\/ethos-media.de\/index.php\/wp-json\/wp\/v2\/media?parent=130"}],"curies":[{"name":"wp","href":"https:\/\/api.w.org\/{rel}","templated":true}]}}